13*q - 6 + 12*q**2 + q + q**3. What is h(8)?
-23
Suppose 0*d - 3*d = -24. Let u = -5 + d. Let l(c) = 0*c**2 + 3*c - c**3 + 3 - 6*c**2 + u*c**2. Determine l(-3).
-6
Let o(j) = -2*j**2 + 4*j - 2. Let r = 1 - -2. What is o(r)?
-8
Suppose 0*f + 3*f - j = 2, -f + 22 = 5*j. Suppose 3*d = f*d. Let n(t) = -3 + d + 2*t + 6. Give n(-3).
-3
Let c(f) = -6*f**3 - f + 1. Let d be -2 + 2 + (2 - 10). Let y = d - -11. Suppose -4*a - y*r + 1 = 0, 2*a + 4*r = 4*a - 6. Calculate c(a).
-6
Let g(k) = k**3 - 3*k**2 - 3*k + 1. Let j be 3*(20/3)/5. Determine g(j).
5
Let i = 30 - 20. Let y(l) = l - 14. Let v be y(i). Let m(p) = -p**3 - 4*p**2 + p + 3. Calculate m(v).
-1
Let j(z) = z**3 + 6*z**2 + 2*z - 2. Let t be (-1)/4 + (-86)/8. Let w(a) = a**2 + 12*a + 5. Let c be w(t). Give j(c).
-14
Let f(i) = -i**3 + 5*i**2 + i - 5. Let r be (-1)/(-7) + (-684)/84. Let z = 16 - 44. Let u be 9/6 + z/r. Calculate f(u).
0
Let n(l) = -2*l**2 - 3*l + 2. Let b be (0 - (-1)/2)*-4. Let t be ((-2)/(-4))/(b/12). Calculate n(t).
-7
Let n(p) = 5*p - 3*p - 4*p - p. Let c(d) = -d - 3. Let t be c(-6). Let y be t/(-2)*6/9. Determine n(y).
3
Let o(c) = -2*c**2 + 7*c - 3. Let f be o(5). Let h be ((-4)/6)/(4/f). Let u = h + 0. Let p(k) = -k**3 + k**2 + 4*k + 1. Calculate p(u).
-5
Let p(j) = j**3 - 8*j**2 + 8*j - 4. Let o be (1 + -4 + -4)*-1. What is p(o)?
3
Let f(c) = c + 1. Let m(t) = t**2 + 3*t - 1. Let g be m(-3). Let r be 3/(g/2 - -2). Determine f(r).
3
Let r be (-12)/18*((-8)/(-1) + 1). Let m(a) = -a**2 - 6*a + 1. Give m(r).
1
Let j be (0 + 1)/(7 - 6). Let y(z) = z**2 - z. Give y(j).
0
Let r(m) be the third derivative of m**5/30 + m**4/8 + m**3/2 - 7*m**2. Give r(-2).
5
Let v(l) = 5*l + 5. Let j be (-8)/(-10)*65/(-13). Determine v(j).
-15
Let h(d) = -d - 3. Let r be ((-6)/9)/((-3)/18). Suppose 4*g = 3*o - 3, 0 = -5*g + r*o - 3 - 2. Calculate h(g).
-6
Let u(b) = b**3 - 3*b**2 - 5*b + 3. Let n = 7 + -12. Let v be (-3)/2*(3 + n). What is u(v)?
-12
Let h(r) be the third derivative of 0*r**3 + 0*r**5 + 0*r**4 + 0*r + 1/60*r**6 + 5*r**2 + 0. Determine h(-1).
-2
Let p be (-30)/3 - (-12)/3. Let t(s) be the second derivative of -s**7/2520 - s**6/144 - s**4/6 + 3*s. Let k(m) be the third derivative of t(m). Calculate k(p).
-6
Let q = 61 + -63. Let m(r) be the second derivative of 5/6*r**3 + 3/2*r**2 - r + 0. Give m(q).
-7
Let b(i) = -6*i + 13. Let s(c) = 5*c - 12. Let u(a) = -4*b(a) - 5*s(a). Give u(9).
-1
Let o(b) = -b - 7. Let j be 1 - (-2 + -1)/(-3). Give o(j).
-7
Let f(q) = 2*q**2 - 1 + q**2 - q**2. What is f(-1)?
1
Let f(a) be the second derivative of -a**4/12 - a**3 + a**2/2 - 4*a. Determine f(-4).
9
Suppose 3*c = 6 + 15. Suppose 2*f - 1 = -4*x + c, 3*x = 0. Let t(s) = s**2 - 7*s + 6. Determine t(f).
-6
Let z(r) = -r**2 - 3*r + 0 - 2 + 0*r**2. Let w(y) = y + 1. Let k be w(-2). Let p = -1 + k. Calculate z(p).
0
Let i = -52 + 34. Let p be (-66)/i + (-4)/6. Let b(v) = -3*v**p - 6*v - 6 - 6*v**2 + 2*v**3 + 0*v**3. What is b(-5)?
-1
Let d(g) = -11*g**2 + 14*g + 9. Let n(l) = -l**3 - l + 1. Let q(k) = d(k) + n(k). What is q(-12)?
-2
Let d(m) = 3*m + 4. Let n(l) = l - 1. Let f(j) = -d(j) + 2*n(j). Let i = -3 + 7. Suppose p = -4*p + 3*s + 3, i*s + 4 = -2*p. Calculate f(p).
-6
Let z(q) be the third derivative of -q**9/60480 - q**8/2880 - q**7/720 - q**6/90 + q**5/12 + 4*q**2. Let k(y) be the third derivative of z(y). Determine k(-6).
-2
Let d be 2/(1 + 6/(-4)). Let f(b) be the second derivative of -b**4/24 + b**3/2 + b**2/2 - 5*b. Let m(a) be the first derivative of f(a). Determine m(d).
7
Let j(i) be the second derivative of i**4/6 + i**3/3 + i**2/2 + 3*i + 2. Let s = 3 - 5. Calculate j(s).
5
Let m(j) = 2*j**2 + 2*j - 3*j**2 - 4 + 1. Let x(y) = -3*y**3 - 3*y**2 - 3*y. Let n be x(-1). What is m(n)?
-6
Suppose 4*i - 47 = -15. Let v = i + -11. Let a(j) = j + 4. Let b(f) = 3*f + 12. Let u(z) = -11*a(z) + 4*b(z). Determine u(v).
1
Let n(m) = -6*m - 5. Let s(y) = -1 + 6*y - y - 3*y - 3*y. Let c(d) = -n(d) + 5*s(d). Let z be -1 - 1 - (2 + 0). Calculate c(z).
-4
Let j(v) = 4*v - 7. Let i(y) = y + 1. Suppose -3*u = -2*x + 13, 3*u + 23 = -3*x - u. Let w(s) = x*j(s) + 5*i(s). Determine w(0).
12
Suppose 0*q - 2*q = -12. Let m = -1 + q. Let o be (11 - m)/(-3 + 1). Let s(p) = -2*p - 1. What is s(o)?
5
Let c(g) = -41*g + 0 - 1 + 42*g - 2. Suppose -2*b + 6 + 8 = 0. Give c(b).
4
Let z(c) = -c**3 - 4*c**2 + 6*c + 1. Let x be z(-5). Let m(k) be the second derivative of -3/2*k**2 - 1/3*k**3 + 0 - k. Give m(x).
5
Let j be 8/20 - (-12)/(-5). Let q(h) = -13*h**2 + 12*h**2 + 2 - 3*h + 0. What is q(j)?
4
Let u(j) = j**2 + 5*j - 4. Let n(z) = -5*z**2 - 6*z + 7. Let c be n(1). Calculate u(c).
-8
Let k(n) = 1 + n**2 + 2*n + 1 + 1. Let s be (1 + -4)/(-3) - 3. Determine k(s).
3
Let z(p) be the first derivative of p - 1 - 1/2*p**4 + 1/2*p**2 - 1/3*p**3. What is z(-1)?
1
Let c(l) be the first derivative of l**2/2 - 2*l - 1. What is c(0)?
-2
Suppose 5*s = 5*q - 4*q + 22, 5*s + 4*q - 37 = 0. Let j(g) = 3*g - 7. Determine j(s).
8
Let r = 24 + -17. Suppose 3 = 2*x + r. Let d(o) = 2*o**2 + 2*o + 1. What is d(x)?
5
Let m be -1 + (-3)/(-4) - (-39)/52. Let u(k) be the first derivative of 3 - m*k**2 - 7*k. Calculate u(-6).
-1
Suppose 0 = -0*p + p. Let b(c) = c**3 - c**2 + c - 2. Calculate b(p).
-2
Let y(q) = q**2 - 4*q + 3. Let r be y(3). Let v(p) = -p**2 + 9 - 1 - 3. Determine v(r).
5
Let v(d) = -9*d + 1. Let c be 0/(-3) + 3 + 2. Suppose 5*a - c*h = 50, -2*h + 8 = -5*a + 64. Let r be (-4)/a - 8/(-6). What is v(r)?
-8
Let n(g) = -g**2 - 6*g - 3. Suppose -4*t - 47 = 1. Let z be 6*(t/(-9))/2. Let x = z - 6. What is n(x)?
5
Let v(n) = -n**2 + 6*n - 6. Suppose 5*k - 1 = 34. Let u = 1 + k. Suppose -x = x - u. Give v(x).
2
Suppose w = -2*l + 10, -12 = -5*l + 5*w - 2. Let a be (-2)/l - (-30)/12. Let d(x) = 1 - 2 - 2 - 1 + x**a + 2*x. Determine d(-4).
4
Suppose 0 = -8*h + 15 + 9. Let c(j) = 2*j + 1. Let k(d) = -d - 1. Let o(r) = -5*c(r) - 6*k(r). Give o(h).
-11
Let k(o) be the first derivative of 1/2*o**4 - 1/2*o**2 + 2/3*o**3 + o + 2. Let s be 3*(1 - 5/3). Give k(s).
-5
Suppose 0*n + 10 = 5*n. Let c(x) = 7 - n*x**3 + x**3 + x**2 - 3 + 2*x**3. What is c(0)?
4
Let z(o) = 0*o - 13*o**2 + 12*o**2 + 6 - o. Let k = -1 - -1. What is z(k)?
6
Let z be 6/(-15) - 6/10. Let r(q) = 14*q**2 - 2*q - 1. Calculate r(z).
15
Let r be 65/9 + (-2)/9. Suppose -r*u - 20 = -3*u. Let p(c) = c**2 + 6*c - 1. Let a be p(u). Let q(s) = s**2 + 5*s - 6. Calculate q(a).
0
Suppose 10 + 29 = 4*y - 5*o, 40 = 4*y - 4*o. Suppose -4*s + y + 9 = 4*z, 2*s + 4*z - 16 = 0. Suppose -4*b + s*b - 4 = 0. Let i(g) = -g - 2. Determine i(b).
0
Let c(d) = -14 + 10 - d + 7 + 2*d. Let x(s) = s**3 - 7*s**2 + 2*s + 1. Let p be x(7). Suppose j = 4*j + p. Give c(j).
-2
Let k(d) = -d**3 + d**2 + d. Let n(o) = -o + 7. Let a be n(6). Let q be k(a). Let p(u) = -5*u. Give p(q).
-5
Let z(f) = -f**3 + 7*f**2 - 5*f - 5. Let n be z(6). Let g(w) = 3 - 5 + n - w. Suppose -4*c = 3*a + 10, -2*c - 4 = -2*a - 6. What is g(a)?
1
Suppose h = 3*h - 12. Let j be (8 - 6)/(4/h). Let r(i) = -i**3 + 3*i**2 - 2*i + 4. Determine r(j).
-2
Suppose 2*m + 2*m = -5*v + 35, 0 = -5*v + m + 10. Let t(s) = -5 - v*s - s + 3*s + s**3 + s**2. Let g(d) = d + 9. Let b be g(-9). What is t(b)?
-5
Let k(c) = -3*c - 209*c**2 - 5 + 210*c**2 + 0. Give k(4).
-1
Let s(y) = 2*y - 5*y + 0*y + 0 + 2. Calculate s(-5).
17
Let k(z) = 2*z**3 + 2*z**2 - 2*z - 3. Let a = -9 - -7. Determine k(a).
-7
Let u(k) = k**2 + 9*k + 10. Let s be u(-8). Suppose 2*c = -0*c - s. Let d(o) = -4*o**2 + 3*o**2 - 6*o**3 + o - 1 - 2*o. Give d(c).
5
Let b(l) = 1 + 2*l**2 - 5*l + 0*l**2 + 2*l. Suppose 24*j + 2 = 25*j. Calculate b(j).
3
Let a be (2 + 1)/1 - 0. Let o(k) = -1 + a*k - k + 2 + 0. What is o(3)?
7
Suppose 5*u + 3 = -2. Let j be -6*(-1)/(-2)*u. Let p(o) = 5*o + 1 - 4*o - j. Give p(0).
-2
Suppose -5 = s - 2. Let f(u) = u**2 + 3*u - 4. What is f(s)?
-4
Let n(q) be the first derivative of -q**3/3 + 3*q**2 + 2*q + 11. What is n(6)?
2
Let m(b) = 2*b**2 - 3*b - b**3 + 2*b - 4 + 4*b. Let s be m(3). Let f(y) be the first derivative of -y**3/3 - 5*y**2/2 + y + 5. Calculate f(s).
5
Let i(w) = w**2 + 6*w + 5. Let s(a) = -a**3 - 13*a**2 + a + 8. Let z be s(-13). What is i(z)?
0
Suppose -2*n - 18 = -4*w, -n - 12 = -3*w - 0*w. Suppose -w = -5*u + 27. Let a(t) = -t**3 + 5*t**2 + 6*t -